8485?
False
Is 3629008 a multiple of 38?
False
Is 32725971 a multiple of 18?
False
Does 515 divide 1409569935?
True
Does 490 divide 52084550?
True
Is 80 a factor of 359059789?
False
Is 399 a factor of 18083877?
True
Is 151734956 a multiple of 5146?
True
Is 702 a factor of 67502124?
False
Is 101178244 a multiple of 318?
False
Is 3377140 a multiple of 106?
False
Is 4134 a factor of 715101439?
False
Does 12 divide 563759909?
False
Does 2 divide 111134635?
False
Is 160 a factor of 101526720?
True
Is 10940885 a multiple of 5?
True
Is 24026811 a multiple of 1175?
False
Is 65606889 a multiple of 182?
False
Is 1514 a factor of 554963467?
False
Does 550 divide 101129324?
False
Is 452435090 a multiple of 16?
False
Is 62 a factor of 21614564?
True
Is 470 a factor of 2202051050?
True
Is 31 a factor of 240593643?
False
Is 646 a factor of 16387044?
False
Does 121 divide 10196247?
False
Does 26 divide 34617804?
True
Is 43 a factor of 4824299?
True
Is 86 a factor of 4202906?
True
Does 35 divide 44511080?
False
Is 43 a factor of 19899626?
True
Is 1292819565 a multiple of 285?
True
Does 120 divide 327716756?
False
Is 1092550654 a multiple of 247?
True
Is 6386577 a multiple of 4?
False
Is 14612077 a multiple of 134?
False
Is 307633508 a multiple of 1351?
True
Does 9 divide 1782117?
True
Does 84 divide 7001558?
False
Does 9 divide 6451924?
False
Does 306 divide 33720189?
False
Is 3 a factor of 79658141?
False
Does 166 divide 3682489?
False
Is 40791545 a multiple of 327?
False
Is 4 a factor of 278872948?
True
Is 1471025192 a multiple of 17?
False
Is 772 a factor of 46641665?
False
Does 63 divide 23822129?
False
Does 12 divide 44345627?
False
Does 33 divide 260584269?
True
Is 10 a factor of 64777900?
True
Is 8411353 a multiple of 25?
False
Is 264407932 a multiple of 5?
False
Is 5856160 a multiple of 385?
False
Is 503641600 a multiple of 1100?
True
Is 23 a factor of 1205391751?
True
Does 47 divide 149136007?
False
Is 120 a factor of 6393877320?
True
Is 87 a factor of 39137037?
True
Does 571 divide 5836465?
False
Is 168178311 a multiple of 489?
False
Does 1213 divide 493590321?
True
Is 14184846 a multiple of 117?
True
Is 543 a factor of 53849253?
False
Is 48 a factor of 28564512?
True
Is 2 a factor of 12124083?
False
Is 27176730 a multiple of 381?
True
Is 132 a factor of 3441718?
False
Is 1233 a factor of 82412487?
True
Does 571 divide 165842382?
True
Is 205243597 a multiple of 26?
False
Does 16 divide 29848930?
False
Is 78115375 a multiple of 265?
True
Is 15821696 a multiple of 489?
False
Is 7978 a factor of 3850757216?
True
Is 41336659 a multiple of 481?
True
Is 17875193 a multiple of 72?
False
Does 139 divide 320502967?
False
Does 885 divide 18231885?
True
Is 38564341 a multiple of 34?
False
Is 629 a factor of 404342555?
False
Is 20 a factor of 3200311029?
False
Is 852850821 a multiple of 2003?
False
Is 970302823 a multiple of 63?
False
Is 1510 a factor of 526296910?
True
Is 1678196051 a multiple of 87?
False
Is 16658713 a multiple of 2919?
False
Does 4 divide 1738096?
True
Is 182 a factor of 63753462?
False
Is 1521 a factor of 2239733436?
False
Does 338 divide 29368319?
False
Is 203 a factor of 38764229?
False
Does 566 divide 23440057?
False
Is 13393470 a multiple of 41?
True
Is 195103342 a multiple of 401?
True
Does 724 divide 37582116?
True
Is 27748468 a multiple of 425?
False
Is 65083146 a multiple of 224?
False
Is 8224 a factor of 4651124320?
True
Is 308822336 a multiple of 1504?
True
Does 36 divide 66632580?
True
Does 484 divide 325108608?
True
Is 20 a factor of 1596348174?
False
Is 74 a factor of 56846652?
True
Is 4 a factor of 3484304?
True
Is 5170190306 a multiple of 14839?
False
Is 272181951 a multiple of 11331?
True
Is 1718312941 a multiple of 14?
False
Is 1683150 a multiple of 35?
True
Is 76178376 a multiple of 652?
True
Does 7 divide 42128450?
True
Does 6 divide 93111900?
True
Does 155 divide 67866130?
True
Is 42 a factor of 2265816?
True
Does 1054 divide 1391450748?
True
Is 173131836 a multiple of 12?
True
Is 1615 a factor of 323867255?
True
Is 130921875 a multiple of 7?
True
Is 915363 a multiple of 159?
True
Is 110 a factor of 241740950?
True
Is 185497983 a multiple of 187?
False
Is 14 a factor of 220130509?
False
Is 208 a factor of 2648831?
False
Does 2207 divide 170784209?
False
Is 107779238 a multiple of 6?
False
Is 1933233063 a multiple of 23?
False
Does 318 divide 980592750?
True
Does 16 divide 1790204266?
False
Does 419 divide 91421191?
True
Is 10226075 a multiple of 359?
False
Is 149 a factor of 112731910?
True
Is 12 a factor of 320254784?
False
Is 949142371 a multiple of 493?
False
Is 109319966 a multiple of 29?
True
Is 6569 a factor of 1655368293?
True
Is 112223 a multiple of 3?
False
Is 82969194 a multiple of 196?
False
Does 23 divide 13995347?
False
Is 1391378 a multiple of 11?
False
Does 5 divide 79998115?
True
Is 3 a factor of 1601895?
True
Is 701925299 a multiple of 1522?
False
Is 66 a factor of 11548482?
True
Does 325 divide 7648875?
True
Does 2485 divide 1432447?
False
Is 20 a factor of 84151959?
False
Does 697 divide 87533442?
True
Is 51 a factor of 129504158?
False
Is 1640059122 a multiple of 1326?
True
Does 170 divide 484956990?
False
Is 45900087 a multiple of 375?
False
Is 86981252 a multiple of 116?
False
Does 10 divide 264471720?
True
Is 21310649 a multiple of 12?
False
Is 53506752 a multiple of 13?
True
Does 11 divide 168235173?
False
Is 57 a factor of 75103861?
False
Does 161 divide 88787863?
False
Is 407682717 a multiple of 1011?
True
Does 36 divide 1322458308?
True
Does 17 divide 8277776?
True
Does 1105 divide 1223174529?
False
Does 24 divide 23281416?
True
Is 188 a factor of 2117068?
True
Does 502 divide 7724850?
False
Does 160 divide 65640480?
True
Is 727 a factor of 50018527?
False
Does 436 divide 361942329?
False
Is 72 a factor of 22013136?
True
Does 21 divide 56441432?
False
Is 13169 a factor of 2368931903?
True
Is 381673611 a multiple of 407?
True
Does 4839 divide 208570578?
True
Is 43921346 a multiple of 49?
True
Is 49 a factor of 325413508?
True
Is 254108900 a multiple of 100?
True
Does 10 divide 816940495?
False
Is 108884360 a multiple of 173?
False
Is 110456 a multiple of 8?
True
Does 24 divide 15196802?
False
Does 85 divide 18826990?
True
Is 13 a factor of 4311343?
False
Is 73 a factor of 138048110?
True
Does 110 divide 28857510?
True
Does 62 divide 10877466?
True
Is 693 a factor of 10092159?
True
Is 751527321 a multiple of 9?
False
Is 809 a factor of 2622649490?
False
Is 1145925740 a multiple of 84?
False
Does 2013 divide 419256513?
False
Is 4088 a factor of 134393000?
True
Is 4989592 a multiple of 508?
False
Is 12 a factor of 441541885?
False
Is 92805865 a multiple of 2313?
False
Does 35 divide 13036875?
False
Is 79538997 a multiple of 1046?
False
Is 939 a factor of 6148009539?
True
Is 738 a factor of 48041228?
False
Is 173628704 a multiple of 7986?
False
Is 791010682 a multiple of 462?
False
Is 51 a factor of 16753296?
True
Is 1769 a factor of 15274003?
False
Is 181154056 a multiple of 1726?
True
Is 2023197440 a multiple of 124?
False
Is 65037665 a multiple of 133?
True
Is 141586461 a multiple of 171?
True
Is 1203334522 a multiple of 4778?
True
Is 52542497 a multiple of 580?
False
Is 372 a factor of 68635116?
True
Is 38 a factor of 77824260?
False
Does 1451 divide 5691503970?
True
Is 3748438750 a multiple of 6442?
True
Is 1239 a factor of 38264256?
False
Does 5 divide 30691854?
False
Is 41 a factor of 1873811930?
True
Is 5765 a factor of 366423493?
False
Is 2802 a factor of 36734210?
False
Does 1795 divide 390977925?
True
Is 19974997 a multiple of 49?
True
Is 83 a factor of 9527510?
False
Is 18 a factor of 13652514?
True
Is 15694494 a multiple of 789?
False
Does 45 divide 7413234?
False
Does 23 divide 49051916?
True
Is 292 a factor of 30155424?
True
Is 134 a factor of 114289404?
True
Is 21551208 a multiple of 652?
True
Is 3100 a factor of 83060155?
False
Is 1080612883 a multiple of 679?
True
Does 11 divide 689038581?
True
Is 199324899 a multiple of 3?
True
Is 50600116 a multiple of 28?
True
Is 9562374 a multiple of 881?
True
Is 182 a factor of 22994062?
True
Does 1869 divide 12610476?
False
Does 121 divide 227515090?
True
Does 737 divide 41925719?
True
Is 191951483 a multiple of 227?
False
Does 276 divide